{"id":213,"date":"2019-12-04T16:09:42","date_gmt":"2019-12-04T16:09:42","guid":{"rendered":"https:\/\/endodontielaval.com\/dentiste\/?page_id=213"},"modified":"2019-12-04T16:09:42","modified_gmt":"2019-12-04T16:09:42","slug":"dr-margaret-cielecki","status":"publish","type":"page","link":"https:\/\/endodontielaval.com\/dentiste\/dr-margaret-cielecki\/","title":{"rendered":"Dr Margaret Cielecki"},"content":{"rendered":"<p>[et_pb_section bb_built=\u00a0\u00bb1&Prime; specialty=\u00a0\u00bboff\u00a0\u00bb next_background_color=\u00a0\u00bb#ffffff\u00a0\u00bb _builder_version=\u00a0\u00bb3.21&Prime; background_image=\u00a0\u00bbhttps:\/\/endodontielaval.com\/dentiste\/wp-content\/uploads\/2019\/11\/strip_endodontie.jpg\u00a0\u00bb][et_pb_row][et_pb_column type=\u00a0\u00bb4_4&Prime;][et_pb_text _builder_version=\u00a0\u00bb3.21&Prime; header_font=\u00a0\u00bb|||on|||||\u00a0\u00bb header_text_align=\u00a0\u00bbcenter\u00a0\u00bb header_text_color=\u00a0\u00bb#ffffff\u00a0\u00bb custom_padding=\u00a0\u00bb50px||50px|\u00a0\u00bb]<\/p>\n<h1>Les sp\u00e9cialistes<\/h1>\n<p>[\/et_pb_text][\/et_pb_column][\/et_pb_row][\/et_pb_section][et_pb_section bb_built=\u00a0\u00bb1&Prime; specialty=\u00a0\u00bboff\u00a0\u00bb prev_background_color=\u00a0\u00bb#000000&Prime; _builder_version=\u00a0\u00bb3.21&Prime; custom_padding=\u00a0\u00bb10px||10px|\u00a0\u00bb][et_pb_row][et_pb_column type=\u00a0\u00bb3_4&Prime;][et_pb_text _builder_version=\u00a0\u00bb3.21&Prime; header_2_text_color=\u00a0\u00bb#325fa6&Prime;]<\/p>\n<h2>Dr Margaret Cielecki<\/h2>\n<p><span style=\"color: #325fa6;\">Doctorat en m\u00e9decine dentaire<br \/><\/span>Universit\u00e9 McGill 2007<\/p>\n<p><span style=\"color: #325fa6;\">R\u00e9sidence multidisciplinaire<\/span><br \/>H\u00f4pital pour enfants de Montr\u00e9al \/ Universit\u00e9 McGill 2008<\/p>\n<p><span style=\"color: #325fa6;\">Certificat de sp\u00e9cialisation en endodontie<\/span><br \/>Nova Southeastern University 2011<\/p>\n<p><span style=\"color: #325fa6;\">Ma\u00eetrise en sciences dentaires<\/span><br \/>Nova Southeastern University 2011<\/p>\n<p><span style=\"color: #325fa6;\">Diplomate de l\u2019Association Am\u00e9ricaine des Endodontistes 2014<\/span><\/p>\n<p><span style=\"color: #325fa6;\">Conf\u00e9renci\u00e8re invit\u00e9e<\/span><\/p>\n<p>Journ\u00e9es Dentaires Internationales du Qu\u00e9bec 2012, 2016, 2017<br \/>Formation dentaire dans diff\u00e9rentes soci\u00e9t\u00e9s dentaires 2013, 2014, 2015<\/p>\n<p><span style=\"color: #325fa6;\">Professeur adjoint<\/span><br \/>Clinique multidisciplinaire, Universit\u00e9 McGill<br \/>R\u00e9sidence multidisciplinaire de l\u2019H\u00f4pital pour enfants de Montr\u00e9al, Universit\u00e9 McGill<\/p>\n<p><span style=\"color: #325fa6;\">Travail d\u2019expertise<\/span><br \/>Ordre des dentistes du Qu\u00e9bec depuis 2013<\/p>\n<p><span style=\"color: #325fa6;\">Pratique priv\u00e9e limit\u00e9e<\/span><br \/>Endodontie \u00e0 Laval et Repentigny, Qu\u00e9bec depuis 2011<\/p>\n<p><span style=\"color: #325fa6;\">Publication<\/span><br \/>Journal of Endodontics<\/p>\n<p>[\/et_pb_text][\/et_pb_column][et_pb_column type=\u00a0\u00bb1_4&Prime;][et_pb_image _builder_version=\u00a0\u00bb3.21&Prime; src=\u00a0\u00bbhttps:\/\/endodontielaval.com\/dentiste\/wp-content\/uploads\/2019\/12\/image-content-margaret.jpg\u00a0\u00bb \/][\/et_pb_column][\/et_pb_row][\/et_pb_section]<\/p>\n","protected":false},"excerpt":{"rendered":"<p>[et_pb_section bb_built=\u00a0\u00bb1&Prime; specialty=\u00a0\u00bboff\u00a0\u00bb next_background_color=\u00a0\u00bb#ffffff\u00a0\u00bb _builder_version=\u00a0\u00bb3.21&Prime; background_image=\u00a0\u00bbhttps:\/\/endodontielaval.com\/dentiste\/wp-content\/uploads\/2019\/11\/strip_endodontie.jpg\u00a0\u00bb][et_pb_row][et_pb_column type=\u00a0\u00bb4_4&Prime;][et_pb_text _builder_version=\u00a0\u00bb3.21&Prime; header_font=\u00a0\u00bb|||on|||||\u00a0\u00bb header_text_align=\u00a0\u00bbcenter\u00a0\u00bb header_text_color=\u00a0\u00bb#ffffff\u00a0\u00bb custom_padding=\u00a0\u00bb50px||50px|\u00a0\u00bb] Les sp\u00e9cialistes [\/et_pb_text][\/et_pb_column][\/et_pb_row][\/et_pb_section][et_pb_section bb_built=\u00a0\u00bb1&Prime; specialty=\u00a0\u00bboff\u00a0\u00bb prev_background_color=\u00a0\u00bb#000000&Prime; _builder_version=\u00a0\u00bb3.21&Prime; custom_padding=\u00a0\u00bb10px||10px|\u00a0\u00bb][et_pb_row][et_pb_column type=\u00a0\u00bb3_4&Prime;][et_pb_text _builder_version=\u00a0\u00bb3.21&Prime; header_2_text_color=\u00a0\u00bb#325fa6&Prime;] Dr Margaret Cielecki Doctorat en m\u00e9decine dentaireUniversit\u00e9 McGill 2007 R\u00e9sidence multidisciplinaireH\u00f4pital pour enfants de Montr\u00e9al \/ Universit\u00e9 McGill 2008 Certificat de sp\u00e9cialisation en endodontieNova Southeastern University 2011 Ma\u00eetrise en sciences dentairesNova Southeastern [&hellip;]<\/p>\n","protected":false},"author":1,"featured_media":0,"parent":0,"menu_order":0,"comment_status":"closed","ping_status":"closed","template":"","meta":{"_et_pb_use_builder":"on","_et_pb_old_content":"","_et_gb_content_width":""},"_links":{"self":[{"href":"https:\/\/endodontielaval.com\/dentiste\/wp-json\/wp\/v2\/pages\/213"}],"collection":[{"href":"https:\/\/endodontielaval.com\/dentiste\/wp-json\/wp\/v2\/pages"}],"about":[{"href":"https:\/\/endodontielaval.com\/dentiste\/wp-json\/wp\/v2\/types\/page"}],"author":[{"embeddable":true,"href":"https:\/\/endodontielaval.com\/dentiste\/wp-json\/wp\/v2\/users\/1"}],"replies":[{"embeddable":true,"href":"https:\/\/endodontielaval.com\/dentiste\/wp-json\/wp\/v2\/comments?post=213"}],"version-history":[{"count":1,"href":"https:\/\/endodontielaval.com\/dentiste\/wp-json\/wp\/v2\/pages\/213\/revisions"}],"predecessor-version":[{"id":219,"href":"https:\/\/endodontielaval.com\/dentiste\/wp-json\/wp\/v2\/pages\/213\/revisions\/219"}],"wp:attachment":[{"href":"https:\/\/endodontielaval.com\/dentiste\/wp-json\/wp\/v2\/media?parent=213"}],"curies":[{"name":"wp","href":"https:\/\/api.w.org\/{rel}","templated":true}]}}